Is 38566 a multiple of 21?
False
Is 7 a factor of 6985?
False
Is 16262 a multiple of 173?
True
Does 40 divide 5750?
False
Is 2719 a multiple of 10?
False
Does 4 divide 168?
True
Does 6 divide 1196?
False
Does 22 divide 2477?
False
Is 169 a factor of 11323?
True
Does 26 divide 34353?
False
Does 21 divide 609?
True
Does 7 divide 3458?
True
Is 124 a multiple of 7?
False
Is 59 a factor of 153164?
True
Is 4 a factor of 16800?
True
Does 95 divide 5291?
False
Is 44 a factor of 352?
True
Is 321 a multiple of 4?
False
Is 4778 a multiple of 37?
False
Is 12 a factor of 11364?
True
Is 6128 a multiple of 8?
True
Does 13 divide 39468?
True
Is 121 a factor of 363?
True
Is 5970 a multiple of 10?
True
Is 3115 a multiple of 48?
False
Is 992 a multiple of 16?
True
Is 513 a multiple of 5?
False
Is 27 a factor of 1269?
True
Does 31 divide 43388?
False
Is 138 a multiple of 69?
True
Is 11096 a multiple of 26?
False
Is 4687 a multiple of 44?
False
Does 22 divide 1232?
True
Does 183 divide 35868?
True
Is 1011 a multiple of 18?
False
Does 13 divide 15885?
False
Is 30 a factor of 7260?
True
Does 38 divide 2508?
True
Is 36 a factor of 2424?
False
Does 16 divide 1024?
True
Is 59 a multiple of 14?
False
Does 11 divide 1345?
False
Is 30 a factor of 22538?
False
Is 170 a multiple of 5?
True
Does 42 divide 5418?
True
Is 58 a factor of 23896?
True
Is 76 a factor of 1072?
False
Does 47 divide 8971?
False
Is 39402 a multiple of 22?
True
Is 31 a factor of 131?
False
Is 104 a multiple of 8?
True
Is 56111 a multiple of 134?
False
Is 24 a factor of 21360?
True
Is 42296 a multiple of 164?
False
Is 13882 a multiple of 17?
False
Does 92 divide 2116?
True
Is 12 a factor of 4041?
False
Does 226 divide 6102?
True
Is 135 a factor of 19374?
False
Is 13 a factor of 2873?
True
Is 57 a multiple of 57?
True
Is 68 a factor of 3604?
True
Is 33 a factor of 533?
False
Is 12 a factor of 5040?
True
Is 163 a factor of 18419?
True
Does 26 divide 1412?
False
Is 1862 a multiple of 14?
True
Does 167 divide 40915?
True
Is 15770 a multiple of 38?
True
Is 37 a factor of 43490?
False
Is 20 a factor of 1431?
False
Is 1863 a multiple of 27?
True
Is 74596 a multiple of 34?
True
Is 359 a factor of 9255?
False
Does 7 divide 3157?
True
Does 3 divide 648?
True
Is 158 a factor of 61462?
True
Does 81 divide 14024?
False
Is 18 a factor of 7056?
True
Is 10 a factor of 640?
True
Is 401 a multiple of 69?
False
Is 16694 a multiple of 21?
False
Is 5376 a multiple of 84?
True
Is 1171 a multiple of 18?
False
Is 738 a multiple of 22?
False
Is 3607 a multiple of 30?
False
Does 30 divide 20729?
False
Is 2072 a multiple of 74?
True
Is 3 a factor of 5198?
False
Does 8 divide 274?
False
Is 109 a factor of 31392?
True
Is 960 a multiple of 30?
True
Is 46623 a multiple of 217?
False
Is 28060 a multiple of 34?
False
Does 24 divide 8976?
True
Is 35200 a multiple of 44?
True
Is 19 a factor of 3656?
False
Is 18 a factor of 1004?
False
Is 562 a multiple of 25?
False
Is 7 a factor of 1299?
False
Is 86 a factor of 3863?
False
Is 6720 a multiple of 8?
True
Is 328 a multiple of 82?
True
Is 5440 a multiple of 68?
True
Is 13806 a multiple of 13?
True
Does 11 divide 53?
False
Is 199 a multiple of 3?
False
Is 25 a factor of 658?
False
Is 9821 a multiple of 161?
True
Is 3744 a multiple of 3?
True
Is 48 a factor of 38553?
False
Is 30088 a multiple of 101?
False
Is 30 a factor of 5141?
False
Is 3744 a multiple of 39?
True
Does 13 divide 28912?
True
Is 48 a factor of 8160?
True
Is 1275 a multiple of 15?
True
Does 65 divide 7215?
True
Is 16 a multiple of 16?
True
Does 9 divide 1287?
True
Is 5072 a multiple of 12?
False
Does 28 divide 27692?
True
Is 12 a factor of 3883?
False
Is 162 a multiple of 13?
False
Does 8 divide 28576?
True
Is 2310 a multiple of 33?
True
Is 9 a factor of 6327?
True
Is 11386 a multiple of 49?
False
Is 1909 a multiple of 15?
False
Is 271 a multiple of 15?
False
Is 16 a factor of 1408?
True
Does 21 divide 65?
False
Is 220 a multiple of 4?
True
Is 756 a multiple of 9?
True
Is 1755 a multiple of 16?
False
Is 18 a factor of 990?
True
Is 38 a factor of 1064?
True
Does 10 divide 1780?
True
Is 1285 a multiple of 49?
False
Does 23 divide 11369?
False
Is 11840 a multiple of 32?
True
Does 8 divide 3532?
False
Is 9 a factor of 819?
True
Is 143 a multiple of 2?
False
Does 11 divide 4169?
True
Is 21 a factor of 2526?
False
Does 37 divide 95756?
True
Does 19 divide 1539?
True
Does 4 divide 4357?
False
Does 46 divide 5341?
False
Is 14 a factor of 1564?
False
Does 33 divide 78?
False
Is 58 a multiple of 58?
True
Does 26 divide 26?
True
Is 46 a factor of 27370?
True
Is 126 a multiple of 14?
True
Is 14610 a multiple of 15?
True
Is 8688 a multiple of 246?
False
Is 99008 a multiple of 224?
True
Is 142 a factor of 16710?
False
Is 12 a factor of 948?
True
Is 10168 a multiple of 124?
True
Does 16 divide 35?
False
Does 18 divide 3258?
True
Is 732 a multiple of 50?
False
Is 10 a factor of 60?
True
Is 13757 a multiple of 24?
False
Does 11 divide 8811?
True
Is 12 a factor of 24388?
False
Does 32 divide 1792?
True
Is 76 a factor of 2104?
False
Is 45 a multiple of 21?
False
Is 16415 a multiple of 7?
True
Does 12 divide 13852?
False
Is 46 a multiple of 23?
True
Is 13 a factor of 234?
True
Does 25 divide 22850?
True
Is 10 a factor of 1090?
True
Does 10 divide 7030?
True
Is 3883 a multiple of 22?
False
Is 16 a factor of 6848?
True
Does 49 divide 7400?
False
Is 13 a factor of 1794?
True
Is 8 a factor of 420?
False
Is 199 a multiple of 46?
False
Is 14 a factor of 3034?
False
Is 109 a factor of 7630?
True
Does 21 divide 7425?
False
Does 99 divide 3892?
False
Is 392 a multiple of 14?
True
Is 4579 a multiple of 43?
False
Does 123 divide 1845?
True
Is 116493 a multiple of 13?
True
Does 51 divide 3140?
False
Does 120 divide 8128?
False
Is 1046 a multiple of 6?
False
Is 4097 a multiple of 17?
True
Does 57 divide 855?
True
Does 12 divide 8964?
True
Is 21840 a multiple of 168?
True
Does 19 divide 1368?
True
Is 10 a factor of 660?
True
Does 11 divide 866?
False
Does 19 divide 16872?
True
Is 21 a factor of 1743?
True
Is 44 a factor of 1232?
True
Is 145 a factor of 19285?
True
Is 23120 a multiple of 26?
False
Does 5 divide 3230?
True
Does 13 divide 85475?
True
Is 22 a factor of 6864?
True
Does 12 divide 716?
False
Is 10670 a multiple of 13?
False
Is 168 a multiple of 21?
True
Is 11 a factor of 506?
True
Does 3 divide 298?
False
Does 147 divide 7791?
True
Does 42 divide 840?
True
Does 118 divide 3068?
True
Is 4 a factor of 860?
True
Is 5 a factor of 80?
True
Does 78 divide 8424?
True
Is 129 a factor of 17544?
True
Is 13930 a multiple of 70?
True
Does 18 divide 637?
False
Does 11 divide 12881?
True
Does 10 divide 262?
False
Is 28 a factor of 2128?
True
Does 3 divide 22365?
True
Is 22 a factor of 4574?
False
Does 21 divide 8546?
False
Is 29 a factor of 261?
True
Is 149 a factor of 7059?
False
Is 709 a multiple of 67?
False
Is 95 a factor of 10545?
True
Does 150 divide 5850?
True
Is 20 a factor of 1006?
False
Is 9 a factor of 7164?
True
Is 26 a factor of 22807?
False
Does 410 divide 2460?
True
Does 13 divide 1092?
True
Does 11 divide 863?
False
Is 2573 a multiple of 14?
False
Does 12 divide 9017?
False
Does 13 divide 2405?
True
Is 96 a factor of 8064?
True
Is 3944 a multiple of 8?
True
Is 4 a factor of 25360?
True
Is 4 a factor of 840?
True
Is 71 a factor of 1009?
False
Is 57080 a multiple of 35?
False
Is 21014 a multiple of 14?
True
Does 75 divide 13501?
False
Is 4 a factor of 260?
True
Does 143 divide 6149?
True
Does 10 divide 429?
False
Does 20 divide 14846?
False
Does 13 divide 193?
False
Is 35 a factor of 398?
False
Is 29 a factor of 12665?
False
Is 1160 a multiple of 20?
True
Is 3078 a multiple of 6?
True
Is 2528 even?
True
Is 4413 a multiple of 24?
False
Does 6 divide 282?
True
Is 12 a factor of 23232?
True
Is 5475 a multiple of 14?
False
Is 8 a factor of 336?
True
Does 189 divide 16632?
True
Is 469 a multiple of 67?
True
Is 34 a factor of 97?
False
Is 11765 a multiple of 145?
False
Is 2640 a multiple of 176?
True
Does 5 divide 1317?
False
Is 65790 a multiple of 15?
True
Does 32 divide 1984?
True
Is 3 a factor of 56?
False
Does 5 divide 829?
False
Does 45 divide 14612?
False
Is 247 a factor of 96083?
True
Is 47 a factor of 1829?
False
Is 36 a factor of 15518?
False
I